ue
Suppose 0*i = -i + 5*z + 59, 0 = -5*i - 3*z + 155. Suppose 0 = 2*d + i - 896. Suppose d = 4*m - 21. Is m prime?
True
Suppose -3*s = 4*b - 8 - 1, -s = -2*b - 3. Suppose b*a - v - 29 = -5*a, a - 5*v - 25 = 0. Suppose 54 = 2*d - d + a*c, -d + 63 = 2*c. Is d composite?
True
Suppose -6*o - 340 = -4114. Is o a composite number?
True
Suppose -2*i - 2256 = -5*i - 2*l, 5*l = -15. Let r = i - 232. Suppose 3*s = -3*s + r. Is s a composite number?
True
Let v = 126 - 80. Suppose 3*g = 5*a - 6*a + 41, 4*g - v = 3*a. Is g a prime number?
True
Let x be ((-39)/(-26))/((-6)/40). Let a be 17952/x - (-4)/20. Is a/(-11) - 44/242 a prime number?
True
Suppose -5*r + 470166 = -148169. Is r a prime number?
True
Suppose 245*u = 225*u + 30820. Is u prime?
False
Suppose -4*z = -3*z - 12037. Is z a prime number?
True
Suppose -i + 377 = 2*b + b, -3*i + 4*b + 1157 = 0. Suppose i = 4*m - 1197. Is m composite?
True
Suppose -856 - 403 = -d. Is d prime?
True
Let s be ((-18)/(-10))/3 + 99768/120. Let z = s + -410. Is z a prime number?
False
Suppose 2*b = -4*b + 55434. Is b prime?
True
Let u(t) = t + 2. Let h be u(5). Let b = -28 - -7. Is 596*(b/(-12))/h a composite number?
False
Let b(o) = o**3 + 8*o**2 + 8*o - 3. Let v be b(-6). Suppose -v + 215 = 2*d. Is d a prime number?
True
Suppose -h + 236649 = 20*h. Is h prime?
False
Let g(f) = -52*f**3 - 2*f**2 - 2*f - 1. Let v(t) = -t - 2. Let q be v(-2). Suppose q*n = -3*n - 3. Is g(n) composite?
True
Let y(w) = -16*w + 17*w + 31*w + 17 - 13*w**3 - 16*w**2 + 14*w**3. Is y(18) a prime number?
False
Suppose k = 1111 - 151. Suppose k = 4*h + 316. Is h a composite number?
True
Let k(x) = -x - 14. Let h be k(-5). Let f(v) = -22*v + 22. Let p be f(h). Suppose 2*s - p = 6. Is s composite?
False
Let h(b) = 59*b - 27. Suppose 0 = -4*t + t + 24. Is h(t) composite?
True
Let i(g) = g**3 + 6*g**2 - 6*g - 1. Let w be i(-7). Let r(j) = -j. Let m(v) = -69*v + 5. Let b(p) = m(p) - 2*r(p). Is b(w) a prime number?
True
Suppose 5*c - 2*q = 118585, 0 = 14*c - 10*c + 4*q - 94896. Is c a composite number?
False
Suppose 7*l = -153 - 36. Let d = l - -25. Is (18/(-30))/(d/70) a prime number?
False
Let n be 5 - 232 - 6/(-2). Let v = -97 - n. Is v composite?
False
Suppose 0 = 2*w - 11027 - 5895. Is w a composite number?
False
Suppose -4*a = r + 1, 43 = 4*r + 5*a + 3. Let c(t) = 157*t - 22. Is c(r) composite?
False
Let a = -8243 - -3572. Suppose 2*x - 895 = -6459. Let p = x - a. Is p a prime number?
True
Is -3 + 10 + -1 - -24995 a prime number?
False
Let f(r) = -r**2 - 45*r + 146. Is f(-40) prime?
False
Let o = 276 - -463. Is o composite?
False
Let j be (0 + 4/(-6))*-6. Suppose q - 745 = -j*q. Is q a composite number?
False
Let o(m) = 4*m**2. Let a be o(-1). Let r = -1409 - -2032. Suppose -3*p = -a*k - k - r, -p - k = -213. Is p a prime number?
True
Let a(k) = -4074*k - 1. Is a(-2) a composite number?
False
Let w(x) = 14*x**3 - 17*x**2 - x - 9. Is w(11) prime?
False
Suppose -204*b + 213*b = 89109. Is b a composite number?
False
Let o = 812 + 164. Let y = 93 + o. Is y composite?
False
Let o be (-325)/(-26)*(-42)/3. Let d(h) = -46*h - 8. Let f be d(-7). Let q = o + f. Is q a prime number?
True
Let k be ((-510)/(-4))/(3/6). Suppose 0 = i - k - 41. Let c = i + -105. Is c a composite number?
False
Suppose -h + 7 = 3. Suppose o - h*p = -538 + 2155, -p + 6536 = 4*o. Is o prime?
False
Suppose 4*d - 5*p - 41776 = 49683, -3*p = -3*d + 68592. Is d composite?
False
Suppose -19 = 2*l - 27. Is (l - 6)*-389 + 3 a composite number?
True
Suppose -5*k + w = -775, k + 4*w + 328 = 3*k. Suppose -3*n + k = -74. Is n/(-6)*15/(-10) a prime number?
True
Let s(d) = -3*d - 15. Let k be s(-3). Is -1 + (-8446)/(-12) - k/36 a composite number?
True
Let k = 0 + 0. Let c(p) = p + 2. Let w be c(k). Suppose 124 = w*z - 70. Is z a composite number?
False
Let o(g) = -g + 10. Let w be o(8). Suppose 5*v - 652 = -s - w*s, -v - 3*s + 128 = 0. Is v composite?
False
Suppose -2*j - 23114 = -16*j. Is j a prime number?
False
Is 3*((-35889)/9)/(-7) a prime number?
True
Suppose -r + 2430 = -4*r. Let n = 1435 + r. Suppose -3*q - 8 + 402 = -5*w, -n = -5*q + 2*w. Is q a prime number?
False
Let g = 2018 - 3728. Let h = -1037 - g. Is h a prime number?
True
Let g = 108 + -56. Let l = g + 3. Is l a prime number?
False
Let y = -243 + 2. Let n = y + 352. Is n a prime number?
False
Suppose -130102 - 47588 = -6*u. Is u prime?
False
Let u(o) = 11*o + 1. Let v be u(-1). Is (v - -11)*(0 - -254) a composite number?
True
Let g(s) = -s**2 - 2*s - 3. Let r be g(-3). Let f = 8 + r. Is (f/1 - 196)/(-2) a prime number?
True
Suppose 0 = 3*w - 2*l - 30691, -2*l = 4*w - 32555 - 8371. Is w a prime number?
False
Let b(k) = 154*k + 16. Let m be b(4). Suppose j - 1809 - m = 0. Is j composite?
False
Let x = 6107 + 7674. Is x prime?
True
Suppose 95*x - 32096 = 88839. Is x prime?
False
Let y(b) = -b**3 + 46*b**2 + 24*b + 11. Is y(46) a composite number?
True
Suppose -3*y - 3*h = -2*h - 9, -4*y - 3*h + 17 = 0. Suppose 2*z - 1492 = -y*z. Is z prime?
True
Let b = 6082 - 2787. Is b composite?
True
Suppose -y = 5*b + 11345 - 33194, -2*b + 8746 = 2*y. Is b a prime number?
False
Let j = 23 - 18. Suppose 0 = j*o + o - 1212. Is o composite?
True
Let p = 7981 + -2378. Is p composite?
True
Let w = 34100 + -16249. Is w composite?
False
Let s(q) = q**2 - 6*q - 3. Let v(f) = -f + 2. Let t be v(-5). Let x be s(t). Suppose 0 = x*r - 6*r + 518. Is r prime?
False
Suppose 0 = 19*y - 17*y - 18. Is (0 - -1)/(y/7281) composite?
False
Let f = 280 - 283. Let n be 2/(-4) + 7/2. Is 0/f + n + 6 composite?
True
Let w(y) = 24*y**2 - 21*y + 32. Is w(7) a prime number?
True
Let d = 3 + -11. Let u(i) = 6*i**2 - 66*i - 34. Let q(f) = f**2 - 13*f - 7. Let m(a) = 11*q(a) - 2*u(a). Is m(d) prime?
False
Let j(z) be the first derivative of z**4/2 - 2*z**3/3 - 9*z**2 - 11*z - 22. Is j(9) a composite number?
False
Let a(c) = -15*c + 2. Suppose -24 = -s + 5*j, s - 2*j - 2*j = 25. Suppose 5*p + s = 4. Is a(p) prime?
False
Suppose -4*s - 2631 = 3537. Let l = s + 3077. Is l prime?
False
Suppose 4*d + a = 22, 4*d + 0*a - 12 = 4*a. Suppose d*j = 28 - 13. Is ((-2)/j)/((-14)/2793) composite?
True
Let o be -1*(-3 + (-1 - -1)). Let k be 3 + (5 - (4 - -1)). Suppose o*n - k*t - 558 = 0, 0 = 2*n - 0*t + 4*t - 378. Is n a prime number?
False
Let y(x) = 11*x**3 + 14*x**2 + 14*x + 4. Is y(7) composite?
False
Let p(b) = 2*b**2 - 12*b + 18. Let t be p(-9). Suppose -4*z + m = 5*m - 1032, 0 = z - 5*m - t. Is z a prime number?
True
Let o(r) = -r**3 + 15*r**2 - 4*r + 9. Suppose 17 = 3*s + 2. Suppose 3*i - s*u = 52, 0*i - 2*i = -4*u - 36. Is o(i) prime?
True
Suppose -14*h + 11*h = f - 2159, 2*f - 5*h - 4373 = 0. Is f a prime number?
False
Let p(g) = -4*g**3 + 3*g**2 + 8*g + 20. Is p(-3) composite?
False
Suppose 24 - 2 = 11*v. Suppose -2*y - 4 = 0, -v*u - 6*y + 3012 = -y. Is u prime?
True
Suppose 0 = 2*k + 5*l + 19, -2*k = -k + 5*l + 17. Let g be k/(-3 + 1) + -1. Is (66 + g + 3)/1 a composite number?
True
Let t(o) = 350*o**2 - o + 11. Let g be t(3). Suppose g = 4*m - 2486. Is m composite?
True
Suppose 0 = 3*s - 6908 + 872. Let d = s - 1047. Is d a prime number?
False
Suppose -4*l - 5*i = -7237, 0*l - 4*l + 5*i = -7267. Suppose -19 = 6*m - l. Is m a prime number?
False
Suppose 4*y + 18 = 4*a - 26, -y - 32 = -4*a. Let t = -11 + a. Is (-110)/(1 + 12/t) a prime number?
False
Suppose 0 = 5*t - n + 3*n + 38, 7 = -t - n. Let q = t - -17. Suppose -q + 3 = -2*o. Is o a prime number?
True
Let c be (0 + -538)/(6/81). Let l = c - -10894. Is l a prime number?
True
Suppose -9*j = -13*j + 616. Let i = 105 + j. Is i a composite number?
True
Let w(c) be the second derivative of -c**8/168 - c**7/2520 + c**4/6 + 4*c. Let s(b) be the third derivative of w(b). Is s(-1) a prime number?
False
Suppose 0*l = l + 4*p + 10, 0 = -4*l - 3*p - 14. Let u(d) = d**3 + 4*d**2 + 3*d. Let t be u(l). Suppose 0 = -t*s + 24 + 18. Is s composite?
True
Let z = 1154 + -757. Is z a prime number?
True
Let k be 12/(-36) + (-134)/(-6). Let h be 102/4*(-4 + k). Let g = h - 248. Is g a prime number?
True
Let i(n) be the third derivative of -n**6/120 + n**5/6 - n**4/24 - 7*n**3/6 + n**2. Suppose 5*l - 40 = 5*p, -4*l - 4*p + 8 = -0*l. Is i(l) prime?
True
Suppose 5*z - 41 - 49 = 0. Let n be (-27)/z - 2/(-4). Is n/((-4)/326)*2 a composite number?